5*d + 37*d. What is the units digit of d?
6
Suppose -4*w = a + 148, -3*w + 5*a - 96 = -w. Let r = w - -40. What is the units digit of r?
2
Suppose 3*a - 8 = 7*a. Let u be a/(-7) - 1542/7. What is the tens digit of (-4)/(-22) + (-10300)/u?
4
Suppose 0 = -2*m + 36 - 28. Suppose k = -3*k + 192. Suppose w + k = m*h - 3*w, -54 = -5*h + 3*w. What is the units digit of h?
9
Let s(w) be the third derivative of 53*w**4/24 + 3*w**2 - 28. Let h(o) = -o**3 + 3*o**2 + 3*o + 5. Let b be h(4). What is the tens digit of s(b)?
5
Let c(g) = g**3 + 10*g**2 + 17*g + 13. Let d be c(-8). Suppose -4*x - 11 + 416 = 5*l, -3*l = -d*x - 206. What is the units digit of l?
7
Let p(x) = x**2 - x - 43. Let g = 3 + -14. What is the units digit of p(g)?
9
Let i(l) = -81*l**3 + 7*l**2 + 9*l - 2. What is the tens digit of i(-2)?
5
Suppose 0 = -z + 3*z. Let n be 0 + 0 + (-11 - -13). Suppose a - 28 - n = z. What is the tens digit of a?
3
Let y = -18 + 12. What is the tens digit of y/(-14) + 2838/42?
6
Let q = -56 + 583. What is the hundreds digit of q?
5
Let j(m) = -m + 7. Let l(c) = c - 4. Let i(n) = -3*j(n) - 5*l(n). What is the units digit of i(-1)?
1
Let v(n) = -5 - 2*n + n - 3*n - n**3 - 7*n**2. Let x be v(-5). Let f = -19 - x. What is the units digit of f?
6
Let m = -98 - -72. What is the units digit of (m/(-5))/((-1)/(-60))?
2
Let b(v) = 2*v**2 - 8*v - 7. Let x be b(5). Let o(q) = 29*q**2 + q - 3. What is the units digit of o(x)?
1
Suppose 2758 = 4*w - 2*r, -r + 691 = -6*w + 7*w. What is the hundreds digit of w?
6
Let c(x) = x**3 + 8*x**2 + x + 7. Suppose -2*u - 1 - 15 = 0. Let g be c(u). What is the units digit of 9 - (1 - (g + 3))?
0
Suppose 0 = 14*b - 13*b - 2. Let n = b - 0. What is the units digit of 0 - (-48 + n - 1)?
7
Suppose 4 = -q + 5*l + 21, -3*q - 9 = 5*l. Suppose -t - q*t = -96. Let i = -21 + t. What is the units digit of i?
1
Let k = -10 + 15. Suppose -324 = -8*s + k*s. What is the hundreds digit of s?
1
Let a = -3302 - -6161. What is the thousands digit of a?
2
Let p(t) be the third derivative of t**5/60 - 5*t**4/24 - 2*t**3/3 + t**2. What is the tens digit of p(-6)?
6
Let u = -1309 + 3435. What is the tens digit of u?
2
Suppose -28065 = -5*m + 3*b, 2*m - 6*b - 11212 = -2*b. Let c be 2/(-5) - m/(-40). Suppose -3*d + c = d. What is the units digit of d?
5
Let h = 10 - 11. Let t be (-3 - -3 - h)*59. Suppose t = 5*x + 14. What is the units digit of x?
9
Let h(w) be the third derivative of w**6/120 - w**5/6 + 2*w**4/3 + 5*w**3/6 - 11*w**2. What is the tens digit of h(9)?
6
Let s(t) = -2*t**2 + 11*t - 3. Let b(w) = w**2 - 10*w + 2. Let y(c) = 3*b(c) + 2*s(c). Suppose -4 = -4*o - 32. What is the units digit of y(o)?
7
Let r be (-6)/(-15) + (2 - (-1048)/5). Suppose 268 = 4*i - r. What is the hundreds digit of i?
1
Let x be 201/9 + 1/(-3). Let r = 16 + x. Suppose 4*g - 5 = -m, 0*m = 4*m - 2*g - r. What is the units digit of m?
9
Suppose -3*l + 6*m = m + 27, 4*l + 28 = 4*m. Let h(q) = -2*q - 5. What is the units digit of h(l)?
3
Suppose 0 = 4*g - x - 44, -x = 4*x. Let l = g - 8. What is the units digit of l/(-9) + (-44)/(-6)?
7
Suppose 2*s = -4*f + 13 - 5, 0 = -2*s + 3*f + 1. Suppose 0*n - s*n + 276 = 0. Suppose -4*w = -l + 66 - 7, -w = 3*l - n. What is the units digit of l?
7
What is the tens digit of (19074/8)/3 - (-18)/72?
9
Let k(x) = -12*x**2 - x + 4. Let j be k(2). Let h = -10 - j. What is the tens digit of h?
3
Let m(v) = -14*v + 16. Let b(d) = -14*d + 16. Let k(u) = 5*b(u) - 4*m(u). What is the tens digit of k(-3)?
5
Let t(a) = a**3 - 48*a**2 - 93*a + 24. What is the hundreds digit of t(51)?
0
Let a(g) = -8*g + 31. What is the tens digit of a(-29)?
6
Let a be (52/3)/(2/27). Suppose 4*o = -3*c + 319, -a = -3*o - 0*c - 4*c. What is the tens digit of o?
8
Let c(g) = -g**2 + 8*g - 6. Let z(v) = v**3 + 3. Let i be z(0). Let a be 30/4*2/i. What is the units digit of c(a)?
9
Let t(o) = -11*o**2 + 7*o + 8. Let b(y) = -7*y**2 + 4*y**2 + 0 + 20*y**2 - 11*y - 12. Let h(d) = -5*b(d) - 8*t(d). What is the tens digit of h(3)?
2
Suppose 0 = -6*u + 4*u + 30. Suppose 0 = -2*s - u + 103. What is the units digit of s?
4
Let v be 6/16 - 1172/(-32). Let y = v - -21. What is the tens digit of y?
5
What is the tens digit of (-1008)/(-126) - 3*-124?
8
Let o = 1739 + -859. What is the hundreds digit of o?
8
Suppose 15 + 45 = -5*i. Let o be (-3)/(-2)*(-16)/i. Suppose -o*d = z - 21, -3*z - 5*d + 34 = -28. What is the units digit of z?
9
Let c = 103 - 190. Suppose -5*j - 2*g = -6*g - 626, -499 = -4*j + 5*g. Let f = c + j. What is the units digit of f?
9
Suppose -2*u + 186 = 30. Suppose -2*t = 4*z - u, 3*z - 4*t - 54 = -7*t. What is the units digit of z?
1
Let k = 842 - 459. What is the hundreds digit of k?
3
Let x(c) = -c. Let u be x(-2). Suppose u = 5*d - 18. Suppose -2*m + 2*i + 44 = 14, 0 = d*i. What is the units digit of m?
5
Let r(o) = 5 - 9*o**2 - 7 + 3 - 2*o - o**3. Let s be r(-9). Let n = -13 + s. What is the units digit of n?
6
Let k = -2 + 7. Suppose -k = j - 10. Suppose 4*m - v - 84 = 0, -39 - 49 = -j*m - 3*v. What is the tens digit of m?
2
Let p = -11 + 21. Suppose -3*d + 5*i - 16 = 0, -6*d + d - p = -5*i. Suppose -25 = -d*a + 26. What is the tens digit of a?
1
Let a = -17 - -27. Let s(o) = -o**2 + 10*o + 7. Let k be s(a). What is the units digit of (-1)/2 + k/2?
3
Let z(g) = 0*g - 4*g**3 - 9*g**2 + g + 5*g**3. Let j be z(9). Suppose j = 13*b - 10*b. What is the units digit of b?
3
Suppose 4*z = 3*q - 2895, 4*q - 2*z = 3*z + 3860. Suppose 944 = 5*x + 2*g, -x - 5*g = -6*x + q. What is the hundreds digit of x?
1
Let a(w) = -5*w + 154. What is the tens digit of a(-19)?
4
Suppose 0 = -22*d + 7754 + 6986. What is the units digit of d?
0
Suppose 3*f - 4*r = -1180 + 7301, 2*r = f - 2041. What is the thousands digit of f?
2
Let l(m) = 2*m - 4. Let q be l(-4). Let p be 3/q*0 + -5. Let k = p + 14. What is the units digit of k?
9
Suppose -u - 2 = 2. Let r(w) = -5*w - 14. Let y be r(u). What is the units digit of 46*(2 + (-9)/y)?
3
Suppose -4*k + 2910 = 2*c, -3*k + 3*c = -6*k + 2175. What is the units digit of k?
0
Let j(z) = 61*z - 26. What is the tens digit of j(5)?
7
Suppose 4*m = -5*q + 1615, 633 = 2*q - 0*q - m. What is the hundreds digit of q?
3
Let x be ((-670)/(-8))/(4/16). Suppose -9*k = -4*k - x. What is the units digit of k?
7
Let c(q) be the second derivative of q**5/2 + q**3/6 + q**2 + 6*q. What is the units digit of c(2)?
4
Suppose 0 = 2*w + 2*t - 608, 2*w = 3*w + 4*t - 301. Suppose -3*y - 2 = 13, 3*y - w = -4*l. What is the tens digit of l?
8
Suppose 0 = -2*p - 2*p + 2116. Suppose 4*a = 4*r + 5*a - 440, 0 = -5*r + 4*a + p. What is the units digit of r?
9
Suppose 0 = -2*u - u + 72. Suppose -3 = n - 5. What is the units digit of n/(-4)*u/(-3)?
4
Let u(y) = 2*y**2 + y + 1267. Let i be u(0). Suppose -8*t = -15*t + i. What is the units digit of t?
1
Let c = 66 - 76. Let v(b) = b + 20. What is the units digit of v(c)?
0
Suppose 2 = -2*f, -z + 1 = -f - 2. Let o(t) = -12*t + 36. Let w be o(3). Suppose 2*k + z*i = 4*k - 98, w = k + 2*i - 61. What is the tens digit of k?
5
Let d = 65 + -51. What is the units digit of (d/4)/((-7)/(-14))?
7
Let v(j) = -j**2 - 65*j - 107. What is the tens digit of v(-34)?
4
What is the tens digit of (2/3)/(5/5610)?
4
Let u(j) = -j. Let x(c) = 14*c + 13. Let g(s) = 2*u(s) + x(s). What is the tens digit of g(4)?
6
Let s(m) be the third derivative of m**6/120 + m**5/4 + m**4/8 - 9*m**2. What is the hundreds digit of s(-14)?
1
Let c = -13 - -6. Let r = 9 + c. What is the units digit of r/(-4) - (-38)/4?
9
Let q(u) = -9*u**2 - 141*u - 23. What is the tens digit of q(-15)?
6
Let j = 6 + -20. Let z = j - -18. Let r(q) = -q**3 + 6*q**2 - 3*q + 6. What is the tens digit of r(z)?
2
Suppose -8*w + 114 = -4486. Suppose 3*u - 97 = -h + 8, 0 = -5*h - 5*u + w. What is the hundreds digit of h?
1
Let r(t) = t**3 - 12*t**2 + 12*t - 8. Let u be r(11). Suppose f - 2 = -u. Let d(q) = -23*q**3 - q**2 - q. What is the units digit of d(f)?
3
Suppose 46 = -3*q + 4*q + 2*r, -5*q - 3*r + 209 = 0. Suppose 13 = -s + q. What is the tens digit of s?
2
Let x(q) be the third derivative of q**5/6 + q**4/6 - 2*q**2. Let m be x(-3). Let l = -52 + m. What is the units digit of l?
6
Let n = -3 - -6. Let o be n - 9/12*4. Suppose o = -3*t + 56 - 14. What is the tens digit of t?
1
Suppo